96/(-28).
48
Suppose q = -21 + 59. What is the remainder when 145 is divided by q?
31
Let m(r) = -5*r + 8. Let j be m(-6). Suppose -3*v = -v - j. What is the remainder when 73 is divided by v?
16
Suppose -4*u = b + 15, 2*b + 127*u - 126*u = -2. Suppose 10 = 3*z + k, 0 = -0*z - z - 4*k + 18. What is the remainder when z is divided by b?
0
Let u(n) = -4*n**3 + 3*n**2 + 3*n + 2. Let m be u(-2). Suppose -j + y = 14, 2*j - 4*y + m = y. Let c = 17 - j. What is the remainder when c is divided by 6?
3
Suppose 5*i = 62 + 63. Suppose 0 = -6*r + 3*r + u + 18, 2*r = 4*u + 32. Calculate the remainder when i is divided by r.
1
Let l = -109 - -107. What is the remainder when 86 is divided by 29 + (0/l)/(0 - -1)?
28
What is the remainder when (1 - 3)*(-10)/4 is divided by (-2)/((49/(-14))/7)?
1
Let z = 45 + -35. Let n = 4 + -4. Suppose -2*f + f + 38 = n. Calculate the remainder when f is divided by z.
8
Let g(c) = -3*c + 14. Let j be g(-8). Let h = j - 33. What is the remainder when 12 is divided by h?
2
Let d = 149 + -143. Suppose -3*f - 5*o + 28 = 0, 4*o + 11 = 2*f + 29. What is the remainder when 65 is divided by (-4)/d*-27 - f?
14
Suppose 72*t - 70*t - 58 = 0. What is the remainder when 53 is divided by t?
24
Let j(x) = -x + 6. Let u(w) = -w + 41. Let v be u(25). Suppose -3*g + 16 = o - 0*o, -v = o - 5*g. Calculate the remainder when j(-5) is divided by o.
3
Suppose -20*j = -1474 - 2826. What is the remainder when j is divided by 73?
69
Suppose 58 = y - 2*g, 11*y - 3*g - 113 = 9*y. Calculate the remainder when 72 is divided by y.
20
Suppose -6*p + 306 + 360 = 0. Suppose 5*l = 99 + p. What is the remainder when l is divided by 12?
6
Suppose -2*g = t - 58, 4*t + 8 = -g + 30. Calculate the remainder when 52 is divided by (-246)/(-14) + g/70.
16
Suppose -4*l = -4*c + 18 - 2, 4*c + 14 = -l. Let u(w) = -w**2 - 8*w + 3. Let f(h) = 23*h - 547. What is the remainder when f(25) is divided by u(l)?
13
Let i = 5 + -2. Suppose 0 = -i*q + 2*n + 166, 4*n = -2*q - 2*q + 228. What is the remainder when q is divided by 330/11 - (-121)/(-11)?
18
Suppose 14 + 6 = u. Suppose 3*y + 0*y = 3*l + 72, y - 25 = 2*l. Suppose -481 = 10*x - y*x. Calculate the remainder when x is divided by u.
17
Let t(w) = -79*w + 1440. Calculate the remainder when t(18) is divided by 6/(-9) + 17/3.
3
Let a(k) = k**3 - 4*k**2 - 14*k + 15. Let t be a(6). Suppose 0 = -3*d + 2*b + 39, -2*d + 81 = t*d + 2*b. Calculate the remainder when 52 is divided by d.
7
Let q(o) = 2*o - 2. Let i be q(2). Suppose 4*w = 12, -i*w + 20 = g + 2*w. Suppose 1 + 14 = 5*b. What is the remainder when g is divided by b?
2
Let c = 6088 - 2959. What is the remainder when c is divided by 101?
99
Suppose 0 = 44*h - 1732 - 2888. What is the remainder when 218 is divided by h?
8
Suppose -3*b - 4 = j, 0*j + 8 = -2*j - 4*b. What is the remainder when 52 is divided by (-3*5*(5 + j))/(-1)?
7
Let h = -7817 - -7824. Suppose -q - 2*b + 17 = -0*b, 0 = 4*q - 4*b - 80. Calculate the remainder when q is divided by h.
5
Suppose s - 187 = -16*s. What is the remainder when 61 is divided by s?
6
Let v(i) = i + 1. Let g(t) = -6*t - 28. Let a(y) = -g(y) - 5*v(y). Let s = 26 + -11. What is the remainder when a(20) is divided by s?
13
Let z = -1064 - -1183. What is the remainder when z is divided by 49?
21
Suppose 72*g - 78*g = -1794. What is the remainder when g is divided by 30?
29
Suppose -z - 81 = -18. Let x = z - -81. Calculate the remainder when x is divided by 2.
0
Suppose -3*q - y + 26 = 0, 2*y = -6*q + 8*q - 20. What is the remainder when 232 is divided by q?
7
Suppose 36 = 152*m - 146*m. Suppose -5*q + 2*q - 3*i = -18, -2*i - 6 = 0. Let s = 7 + q. What is the remainder when s is divided by m?
4
Let s = 61 - 67. What is the remainder when ((-124)/10)/((3 + s)/15) is divided by 13?
10
Suppose -4*y + 838 = -0*y + 3*d, -2*y - 5*d = -412. Let f = -148 + y. Let x = -32 + f. Calculate the remainder when 91 is divided by x.
29
What is the remainder when 174 is divided by (-3)/(-9)*6*33/6?
9
Let z(w) = w**2 + w - 9. Let g be z(0). Let p(x) = x**3 + 8*x**2 - 10*x - 6. Let a be p(g). Calculate the remainder when 5 is divided by -5*((-13)/(-5) - a).
1
Let q(k) = 2*k**2 + 6*k - 1. Let r be q(-5). Suppose 2*b - 10 = -0*b. Let d = r - b. What is the remainder when 25 is divided by d?
11
Suppose 0 = -2*o + 7 - 3. Suppose -10*d = -o*d - 184. Calculate the remainder when 66 is divided by d.
20
Let f = -187 - -1088. Calculate the remainder when f is divided by 21.
19
Let z be -5 - -4 - 6/(-3). Calculate the remainder when 69 is divided by (-2)/2 + 13 + (-2)/z.
9
Suppose 3*l = 5*l - 110. Let k = -49 + 63. Calculate the remainder when l is divided by k.
13
Suppose 0 = 2*q + 3*s - 11, 4*s + 4 = -8. What is the remainder when 25 is divided by q?
5
Let v be -1 - 2*21/(-6). Let c be ((-4)/v)/((-3)/9). Suppose c + 9 = w. Calculate the remainder when w is divided by 6.
5
Suppose -5*l = 2*h - 183, -l + 4*h + 15 = -4. Suppose 3*i - 48 = -i. Calculate the remainder when l is divided by i.
11
Suppose 2*x - 5*w - 493 = 0, 34 = x + w - 202. Calculate the remainder when x is divided by 83.
73
Suppose o = -4 - 0. Let x be -1*2/o*10. Let n(l) = 6*l - 15. Calculate the remainder when 44 is divided by n(x).
14
Let z(l) = 3*l - 1. Let g be z(-1). Let w(n) = 16*n. Let p(q) = 8*q. Let f(b) = g*w(b) + 7*p(b). Calculate the remainder when f(-7) is divided by 29.
27
Let t(n) = 3*n - 41. What is the remainder when 104 is divided by t(16)?
6
Suppose -16*m = -10 - 86. What is the remainder when 19 is divided by m?
1
Let s(u) = -2*u**3 + 45*u**2 - 20*u - 30. Calculate the remainder when 69 is divided by s(22).
13
Suppose 0 = 21*p - 24*p + 87. Let a(i) = 2*i**2 - 2*i - 2. Let z(k) = -k**2 + 6*k - 2. Let t be z(5). Calculate the remainder when p is divided by a(t).
9
Let i = -114 - -144. Suppose 3*f - 48 = 3*w, -2*f + 2*w + 3*w = -26. What is the remainder when i is divided by f?
12
Suppose -2*g + 0*k - 2*k = -22, 4*g - 45 = -5*k. Let w = -27 + 92. Let m = -37 + w. What is the remainder when m is divided by g?
8
Let a = 858 + -842. What is the remainder when 73 is divided by a?
9
Let p = -249 - -335. What is the remainder when p is divided by 18?
14
Let c be (-1)/(0 - 3/6). Suppose 5*m - 55 = h, c*m + 5 = -0*m - 5*h. Calculate the remainder when m is divided by 4.
2
Let k = -396 + 240. Let j = k + 239. Let c(d) = -d**3 + 11*d**2 + 62*d - 9. Calculate the remainder when j is divided by c(15).
20
Suppose 17*s = -3*s + 3200. What is the remainder when s is divided by 62?
36
Suppose 6 = -5*z + 1, 3*z - 348 = -3*p. What is the remainder when p is divided by 18?
9
Calculate the remainder when -2*((-1080)/16)/3 is divided by (-53)/(-4) - 1/4.
6
Suppose 0 = -3*x - d + 11 + 163, -4*x - 3*d = -227. Let m = 83 - x. Calculate the remainder when 45 is divided by m.
21
Let u = 14 - -28. Let k(t) = t**3 - 3*t**2 + 7*t - 14. Let g be k(6). Calculate the remainder when u is divided by (-4)/12 - g/(-12).
9
Let f = -15 + 15. Let l(o) = -o**3 - o + 20. Calculate the remainder when 119 is divided by l(f).
19
Let h(a) = 12*a - 2. Suppose 5*q = -4*d + 2, -7 = -3*q + 5*d + 9. What is the remainder when h(2) is divided by q/(-13) - 119/(-13)?
4
Let f = -1 - -23. Suppose 0*g - 12 = -3*g. What is the remainder when f is divided by g?
2
Let i(q) = -q**3 - 5*q**2 + 3*q + 1. Let n(o) = o**3 - 21*o**2 + 23*o + 4. Let r be n(20). Let g = -53 + r. What is the remainder when i(-6) is divided by g?
8
Calculate the remainder when 299 is divided by (-3)/3 + -1 + (1 - -31).
29
Suppose -5*m + 24 = -16. Let x(c) = c**3 - 9*c**2 + 8*c + 8. Suppose -5*r = -3*f + 11, 0*r = 4*r - 20. What is the remainder when f is divided by x(m)?
4
Let x = 14 + 0. Suppose 3*r = -5*d + 23, 4*d = -2*r - 0*r + 18. Let t(i) = 55*i**2 - 2*i. What is the remainder when t(r) is divided by x?
11
Let s = 40 + -34. Let g = 2 + s. Calculate the remainder when g is divided by 6.
2
Let o(t) = 5*t**2 + 111*t - 73. Suppose 5*n - 15 = 2*n. What is the remainder when o(-23) is divided by n?
4
Let p = 85 + -80. Let n(j) = 6*j - 26. Calculate the remainder when 4 is divided by n(p).
0
Suppose 3*z - 177 = 3*f, 2*z - 3*f = 7*z - 327. Suppose -14 = 2*w + 42. Let v = z + w. Calculate the remainder when v is divided by 9.
8
Suppose -3*x - 31 = -5*c + 86, -3*x = 3*c - 